m**2 - 7 + 9*m**2 - m**3 + 3*m - 2*m + 12*m**2. Determine f(5).
-2
Let q(v) = -6*v + 5. Let m(j) = 5*j - 5. Let f(n) = 5*m(n) + 4*q(n). Let d be f(0). Let p(b) = b. What is p(d)?
-5
Suppose -4*u + 8 = 8. Let m(n) = 4*n**3 - 6*n**2 + 5*n - 4. Let x(q) = -q**3 + q**2 - q. Let l(h) = -m(h) - 5*x(h). Calculate l(u).
4
Let i be (-114)/4*(-4)/6. Let c = i - 9. Suppose -p - c = 2*j - 0*p, -5*j + 2*p = 16. Let y(l) = -l**2 - 6*l - 2. What is y(j)?
6
Let t(v) = -v**2 - 5*v + 2. Let m be t(-5). Let q(g) be the second derivative of g**5/10 - g**4/6 + g**3/6 + g**2/2 + 28*g. What is q(m)?
11
Suppose 11 = 2*m + x, 3*m + 0*x - 20 = -5*x. Suppose 3*y - m*s = 27, 0 = -5*y - 0*s + s + 23. Let o(h) = h**2 - 3*h - 2. Determine o(y).
2
Let q(o) = 2*o + 19. Let u be q(-9). Let c(p) = 5*p + 0*p - 4*p. Let t be c(u). Let g(h) = 5*h**2 + h. Calculate g(t).
6
Suppose -3*z - 18 = -2*k, 2*z = k - 6 - 6. Let h(t) = -t + 0*t + 3*t + 16 - 7. Calculate h(z).
-3
Let l = 8 + -9. Let d(k) = 7*k**2 - k. Let c be d(1). Let t(h) = c*h - 1 + h**2 - 3*h - 2*h. Give t(l).
-1
Let v(l) = 0 - l + 4 - 4 - 1. Give v(-2).
1
Let b(p) = 86*p**3 - 4 + p**2 + 2*p + 0*p**2 - 87*p**3. Give b(3).
-16
Let a(l) = 3*l**3 - 2*l + 1. Let g = 7 + 1. Let r(u) = -u + 9. Let i be r(g). What is a(i)?
2
Let p(g) be the third derivative of -g**6/120 + g**5/10 - 5*g**4/24 - 2*g**3/3 - 3*g**2. Calculate p(4).
8
Let v = -3 + 7. Let l be 0*(0 + v)/8. Let m(c) = -c + 6. Give m(l).
6
Let y = 82 - 58. Suppose h = -3*h - y. Let a(m) = -m**3 - 11*m**2 - 7*m - 7. Let x(w) = -w**3 - 10*w**2 - 6*w - 7. Let s(q) = 4*a(q) - 5*x(q). What is s(h)?
-5
Let m(s) be the third derivative of 0*s**3 + 1/24*s**4 - 1/60*s**5 + 1/24*s**6 + 0*s + 0 + 4*s**2. Let o = 3 - 2. Determine m(o).
5
Let d(s) = s**3 - 4*s**2 - 2*s - 1. Suppose 2*f = -b + 1, -3*b + 3 = -f - f. Suppose -12 = -3*j - f*j. Calculate d(j).
-9
Let l be (-15)/(-9) - 2/3. Let h(s) = l + 2 + s - 2 - s**2. Give h(-1).
-1
Let r(p) = 0 + p - 6 + 4. Determine r(3).
1
Let i(d) be the third derivative of -d**8/6720 - d**7/1680 + d**5/60 - 2*d**2. Let t(n) be the third derivative of i(n). Determine t(-2).
-6
Let m(a) = 0*a - 4*a - a**3 - a**2 - a**2 - 3. Give m(-2).
5
Let x(i) = 5*i + 1. Let k(z) = 4*z**2 - z. Let n be k(-1). Suppose 0 = 5*a + n*o + 15, -4*o - 13 = -2*a + 5*a. Suppose h + 0 = -a. Give x(h).
-4
Let w(a) = -3*a**3 + 2*a + 1. Let i be w(-1). Let r(c) = -5*c + c**i - 2*c**2 + 0*c. Let h = 14 - 18. Give r(h).
4
Let o(y) = 6 - 2 - y + 5. Suppose 3*h = -0*h. Suppose 6*d - d = h. Determine o(d).
9
Let z = -20 - -18. Let c(k) = 3*k**3 - 4*k - 3. Calculate c(z).
-19
Suppose 4 - 12 = -2*f. Suppose u - 2*g + 7 = 0, 5*u + f*g - 5 = 2. Let x(z) = 4*z. Determine x(u).
-4
Let m(o) = 1 + 0*o**3 + 4*o + 7*o**2 - 2 + o**3. Let r(i) = -i**3 - i**2 - i - 1. Let v(p) = m(p) + 2*r(p). Calculate v(5).
7
Suppose -2*b - 3 = -3*j, 61 = 2*b - 6*b - 5*j. Let u(v) = v - 3. Let d(h) = 3*h - 6. Let r(f) = b*u(f) + 4*d(f). Determine r(3).
12
Let o(j) be the second derivative of -j**3/6 - j**2/2 + j. Let x(z) = -6*z - 4. Let k(b) = -10*o(b) + 2*x(b). Let g = -5 + 9. Calculate k(g).
-6
Let c(b) = 2*b - 7. Suppose -3*q + 2*q + 3*x = -17, 0 = -q + 5*x + 25. Give c(q).
3
Let a(y) = 3*y + 6. Let h = -6 - -7. Suppose -15 - h = 4*o. Determine a(o).
-6
Let g(a) = a**3 - 7*a**2 - 2*a + 16. Let v be g(7). Let n(w) be the second derivative of 1/6*w**3 - v*w + w**2 + 0 - 1/12*w**4. Calculate n(0).
2
Let v(g) = -4*g**2. Let c be (-4)/10 + (-14)/(-35). Let k be -1*(c + -4 + 3). Give v(k).
-4
Let x(v) be the third derivative of -1/24*v**4 - 7/6*v**3 + 0 + 2*v**2 + 0*v. Suppose 2*f = f. Give x(f).
-7
Suppose 3*c - 5*c = g - 6, 5*g + 2*c - 14 = 0. Let p(m) = -2 + 0*m**g - 7*m - m**2 - 1. Calculate p(-5).
7
Suppose d = 5 - 3. Let o(w) = 4*w**2 - 3*w. What is o(d)?
10
Let x = -23 + 29. Let t be x*(10/(-6) + 1). Let a(y) = -y**2 - 2*y + 4. Determine a(t).
-4
Let w be ((-15)/9 + 2)*9. Let z(k) = -k**3 + 5*k**2 - 2*k - 2. Determine z(w).
10
Let l be (-2)/1 - -4 - 7. Let w(j) be the second derivative of j**3/6 - j**2/2 - 3*j. Give w(l).
-6
Let p(l) = -2*l**2 - 7*l - 13. Let z(g) = -3*g**2 - 11*g - 19. Let o(m) = 8*p(m) - 5*z(m). Let y(w) be the first derivative of o(w). Calculate y(-3).
5
Suppose 0*u = u - 3. Suppose -u*d + 6 = -5*d. Let a(y) be the first derivative of -3*y**2/2 - 4*y - 1. Give a(d).
5
Let p be ((-2)/2)/(-1 - 0). Suppose 2*t = 5*r - p, 4*r + 2 = -r + t. Let m(u) = 0*u**3 + 2*u**3 - 1 - 4*u - u**3 + 3*u. Give m(r).
-1
Let t(p) = -p**2 - 6*p - 1. Let a be (-9 - -8)/((-1)/(-5)). Let m be t(a). Let f(k) = -k**3 + 3*k**2 + 6*k - 3. Give f(m).
5
Suppose 0 = -0*b + b - 6. Let m = b + -1. Suppose p + 0*p - m*c = -17, 3*p + 12 = 2*c. Let v(z) = -4*z**2 - 3*z - 1. Determine v(p).
-11
Let z(p) = -p + 12. Suppose -10*c + 15 = -45. Determine z(c).
6
Let p(m) = -m - 1. Let v(i) = 6*i + 3. Let r(x) = 3*p(x) + v(x). Give r(-2).
-6
Let v(g) = -g + 2. Let x be v(0). Let m(r) = -10*r + 6 + x*r - 3. Calculate m(2).
-13
Suppose 4*l - 22 = -p, 4*p = -l + 19 - 6. Let c(b) = -4*b**2 + 6*b + 1. Let o(k) = 3*k**2 - 5*k - 1. Let j(i) = l*c(i) + 6*o(i). What is j(-2)?
-9
Let r(n) = 3*n**2 + 2*n - 2. Let v = 2 + 0. Suppose 2*s + v*s + 41 = -5*u, -5*s = -u + 15. Let l be s - -2 - 0/1. Calculate r(l).
6
Let r(x) = 4*x + 1 - 5*x + 2*x. Suppose o - 2 = 3*o. Let f(m) = -4. Let c(a) = o*r(a) + f(a). Give c(-4).
-1
Let x(p) be the third derivative of -p**4/12 - p**3/3 - 34*p**2. Give x(-4).
6
Let m(y) = -y**2 + 3*y + 3. Let k = -15 + 12. What is m(k)?
-15
Let d(k) be the second derivative of -k**4/12 - 2*k**3/3 + 2*k**2 + 22*k. What is d(-6)?
-8
Suppose -d + 19 = f, -2*f = -7 + 1. Suppose 3*a = -a + d. Let j(p) = a + 1 + p + 0. Determine j(0).
5
Let w = 24 - 14. Suppose 0 = -2*l - 3*l + w. Let m(u) = 5*u - 1 + 2 - u**l + 0. Give m(4).
5
Let u(z) = -7*z**2 + 2*z - 2. Let h(m) = m**2 + 1. Let c(s) = -3*h(s) - u(s). Suppose 0 = 3*k - 2*k - 2. Determine c(k).
11
Let z(y) = -4*y. Let c(o) = -o. Let u(n) = -5*c(n) + z(n). Let q(m) = -m**2 - 5*m + 5. Suppose 4 - 28 = 4*x. Let f be q(x). Determine u(f).
-1
Let j(y) be the third derivative of y**6/120 + y**5/15 - y**4/6 + y**3/6 - y**2. Suppose -3*r = -r + 4, 0 = 3*l - 5*r + 5. Let w be l/1 - (-2 - -2). Give j(w).
-4
Let v(f) be the second derivative of f**3/6 + 2*f**2 - 11*f + 4. Suppose p + 3*a = -5, -2*p - 10 = -3*p + 2*a. Determine v(p).
8
Let h(z) = z**2 + 4*z + 3. Let l be h(-3). Let x be (l/(-1))/(8 - 10). Let a(i) = -i**2 - 4*i**2 - i + 1 + 4*i**2. Calculate a(x).
1
Let f(b) be the second derivative of -b**4/12 - b**3/6 + b**2/2 + 4*b. Let g(t) = -6*t**2 - 5*t + 4. Let h(w) = 5*f(w) - g(w). Give h(-3).
10
Let j(y) = -1 - 2*y + 18*y**3 - 16*y**3 - y**2 + 3*y - 14*y**3. Determine j(1).
-13
Suppose -3*b - 27 = 3*a, -4*a - a = 15. Let g(m) = 4*m - 1. Let p(c) = 7*c - 2. Let u(x) = b*p(x) + 11*g(x). Calculate u(3).
7
Let b(o) = 12*o**3 - 2*o**2 + o. Suppose -6*r = 1 - 7. What is b(r)?
11
Let d = -14 + 11. Let t(q) be the third derivative of 0 + 1/120*q**6 + 1/15*q**5 + 1/8*q**4 + 2*q**2 - 1/3*q**3 + 0*q. Calculate t(d).
-2
Let d = 49 - 47. Let v(q) be the second derivative of 3/2*q**2 + 1/6*q**3 - 1/20*q**5 + 0*q**4 + 0 + d*q. Give v(0).
3
Let u(l) = l**2 - 4*l - 6. Let z = 8 - 2. Let t be u(z). Let b(o) = 2*o + 2*o**2 - 1 - 4*o + t*o. Give b(-3).
5
Let w(f) = 10*f + 2 + f**3 - 2*f**2 - 3*f**2 - 9*f. Suppose 5*u - 49 = 1. Suppose 0*h - u = -2*h. What is w(h)?
7
Let g(y) be the second derivative of -6*y - 1/2*y**2 + 0 + 1/6*y**3. Determine g(-5).
-6
Let g(a) = a + 1. Let x(p) = -6*p**2 + 5*p + 9. Let t(u) = -5*u**2 + 5*u + 8. Let n(f) = 5*t(f) - 4*x(f). Let d be n(5). Give g(d).
5
Let b(p) = 5*p**2 - 19*p + 11. Let z(m) = m**2 - 5*m + 3. Let a(l) = -2*b(l) + 9*z(l). Determine a(-8).
-3
Let i(z) = 7*z + 1. Let r be ((-7)/3)/(1/(-3)). Suppose -r*b = -11*b - 4. What is i(b)?
-6
Let q(c) = -2*c**3 - 4*c**2 - 4*c - 3. Let z be 11/44 + 9/(-4). Give q(z).
5
Let q(l) = -4*l - 12. Let y be q(-4). Let r(t) = t**3 - 5*t**2 + 4*t - 1. Determine r(y).
-1
Let t = -10 - -11. Let h be 4 - (2 + 0/t). Let y(i) be the third derivative of 5*i**4/24 - i**3/6 + i**2. What is y(h)?
9
Let d(q) = -q**3 + 5*q**2 + 3*q + 7. Let x = 59 - 53. Calculate d(x).
-11
Let z be 1 - 1 - (-8 + 3). Let j(o) = -2 - 3*o**2 + 5